{"id":87,"date":"2025-03-05T18:17:51","date_gmt":"2025-03-05T17:17:51","guid":{"rendered":"https:\/\/kitefoilwing.com\/?post_type=product&#038;p=87"},"modified":"2025-06-04T11:29:22","modified_gmt":"2025-06-04T11:29:22","slug":"kites","status":"publish","type":"product","link":"https:\/\/kitefoilwing.com\/?product=kites","title":{"rendered":"R1 V5"},"content":{"rendered":"<p><em><strong>Consulte al tel\u00e9fono 618 07 99 57, el precio del modelo requerido.<\/strong><\/em><\/p>\n<p class=\"has-text-align-center\">La R1 V5 de OZONE es solo para riders avanzados con experiencia previa en cometas foil de alto rendimiento. Se requieren t\u00e9cnicas espec\u00edficas para manejarla y volarla.<\/p>\n<p class=\"has-text-align-center\">Los materiales R1 V5 se han utilizado ampliamente en nuestras cometas y parapentes Ultra Light desde 2011. La cometa requiere un cuidado especial, necesita un piloto experimentado que sepa mantenerla en el aire y manejarla con suavidad en el suelo.<\/p>\n<p class=\"has-text-align-center\">Debido al dise\u00f1o de 2 l\u00edneas, el relanzamiento en el agua se ve afectado, dependiendo de la fuerza del viento, las condiciones generales y la habilidad del rider. Recomendamos mantenerla en vuelo y fuera del agua si es posible. Un sistema de drenaje en la punta del ala permite drenar el agua que pueda haber entrado en la cometa.<\/p>\n<p class=\"has-text-align-center\">Esta cometa cuenta con un sistema de liberaci\u00f3n de bandera frontal, simple pero efectivo. Tras soltar la bandera, revise el acelerador, las bridas y las l\u00edneas de vuelo para detectar posibles torceduras antes de reiniciar.<\/p>\n<p class=\"has-text-align-center\">La R1 V5 debe embalarse exclusivamente con el m\u00e9todo de acorde\u00f3n. Embalar y almacenar la cometa de cualquier otro modo (por ejemplo, enroll\u00e1ndola o dobl\u00e1ndola) anular\u00e1 la garant\u00eda. Los listones de refuerzo son parte integral del dise\u00f1o y no deben manipularse para modificar su forma original, ya que esto podr\u00eda da\u00f1arlos o la cometa, comprometiendo su estabilidad y rendimiento.<\/p>\n<p class=\"has-text-align-center\">\u2013Las l\u00edneas de brida y los sistemas de velocidad requieren mantenimiento al igual que cualquier equipo de alto rendimiento en los deportes de carreras: deben revisarse peri\u00f3dicamente y mantenerse en el ajuste correcto o la cometa no funcionar\u00e1 seg\u00fan lo dise\u00f1ado.<\/p>\n<p class=\"has-text-align-center\">\u2013 Las l\u00edneas de brida que est\u00e9n desgastadas o que no cumplan con las especificaciones de f\u00e1brica (+ o \u2013 15 mm) deben reemplazarse.<\/p>\n<p class=\"has-text-align-center\">Las l\u00edneas del sistema de velocidad de 4 l\u00edneas R1 V5 desgastadas deben reemplazarse. Si las l\u00edneas del sistema de velocidad no est\u00e1n desgastadas, pero no cumplen con las especificaciones de f\u00e1brica, debe ajustarlas a las especificaciones de f\u00e1brica.<\/p>\n<p class=\"has-text-align-center\">Las l\u00edneas del sistema de velocidad de 2 l\u00edneas R1 V5 que est\u00e9n desgastadas o no cumplan con las especificaciones de f\u00e1brica deben reemplazarse. El sistema de velocidad de 2 l\u00edneas no requiere ajuste.<\/p>\n","protected":false},"excerpt":{"rendered":"<h2 class=\"p1\"><strong>OZONE R1 V5 \u2013 <\/strong><strong>PURO RENDIMIENTO DE CARRERAS\u00a0<\/strong><\/h2>\n<p><strong>Capaz de alcanzar las velocidades m\u00e1s altas en \u00e1ngulos de conducci\u00f3n s\u00faper agresivos, as\u00ed como las transiciones m\u00e1s eficientes cuando las fracciones de segundo cuentan, todos los elementos del nuevo dise\u00f1o ayudan a garantizar que mantengas el mayor impulso posible en todas las situaciones.<\/strong><\/p>\n<p><strong>Producto registrado de IKA Formula Kite para el ciclo ol\u00edmpico de 2028\u00a0<\/strong><\/p>\n<p><strong>Dise\u00f1ado exclusivamente para el rendimiento en carreras de foil.\u00a0<\/strong><\/p>\n<p><strong>\u00c1ngulos incre\u00edbles y velocidad\u00a0 tanto en ce\u00f1ida como en empopadas.\u00a0<\/strong><\/p>\n<p><strong>La sustentaci\u00f3n permite maniobras de viraje de alta velocidad y s\u00faper fluidas\u00a0<\/strong><\/p>\n<p><em><strong>Consulte al tel\u00e9fono 618 07 99 57, el precio del modelo requerido.<\/strong><\/em><\/p>\n","protected":false},"featured_media":947,"comment_status":"open","ping_status":"closed","template":"","meta":[],"product_brand":[],"product_cat":[21],"product_tag":[],"class_list":{"0":"post-87","1":"product","2":"type-product","3":"status-publish","4":"has-post-thumbnail","6":"product_cat-ozone","8":"first","9":"outofstock","10":"shipping-taxable","11":"purchasable","12":"product-type-variable"},"yoast_head":"<!-- This site is optimized with the Yoast SEO plugin v26.7 - https:\/\/yoast.com\/wordpress\/plugins\/seo\/ -->\n<title>R1 V5 - KiteFoilWing<\/title>\n<meta name=\"robots\" content=\"index, follow, max-snippet:-1, max-image-preview:large, max-video-preview:-1\" \/>\n<link rel=\"canonical\" href=\"https:\/\/kitefoilwing.com\/?product=kites\" \/>\n<meta property=\"og:locale\" content=\"es_ES\" \/>\n<meta property=\"og:type\" content=\"article\" \/>\n<meta property=\"og:title\" content=\"R1 V5 - KiteFoilWing\" \/>\n<meta property=\"og:description\" content=\"OZONE R1 V5 \u2013 PURO RENDIMIENTO DE CARRERAS\u00a0 Capaz de alcanzar las velocidades m\u00e1s altas en \u00e1ngulos de conducci\u00f3n s\u00faper agresivos, as\u00ed como las transiciones m\u00e1s eficientes cuando las fracciones de segundo cuentan, todos los elementos del nuevo dise\u00f1o ayudan a garantizar que mantengas el mayor impulso posible en todas las situaciones.  Producto registrado de IKA Formula Kite para el ciclo ol\u00edmpico de 2028\u00a0  Dise\u00f1ado exclusivamente para el rendimiento en carreras de foil.\u00a0  \u00c1ngulos incre\u00edbles y velocidad\u00a0 tanto en ce\u00f1ida como en empopadas.\u00a0  La sustentaci\u00f3n permite maniobras de viraje de alta velocidad y s\u00faper fluidas\u00a0  Consulte al tel\u00e9fono 618 07 99 57, el precio del modelo requerido.\" \/>\n<meta property=\"og:url\" content=\"https:\/\/kitefoilwing.com\/?product=kites\" \/>\n<meta property=\"og:site_name\" content=\"KiteFoilWing\" \/>\n<meta property=\"article:modified_time\" content=\"2025-06-04T11:29:22+00:00\" \/>\n<meta property=\"og:image\" content=\"https:\/\/kitefoilwing.com\/wp-content\/uploads\/2025\/05\/R1-v5.webp\" \/>\n\t<meta property=\"og:image:width\" content=\"500\" \/>\n\t<meta property=\"og:image:height\" content=\"500\" \/>\n\t<meta property=\"og:image:type\" content=\"image\/webp\" \/>\n<meta name=\"twitter:card\" content=\"summary_large_image\" \/>\n<meta name=\"twitter:label1\" content=\"Tiempo de lectura\" \/>\n\t<meta name=\"twitter:data1\" content=\"2 minutos\" \/>\n<script type=\"application\/ld+json\" class=\"yoast-schema-graph\">{\"@context\":\"https:\/\/schema.org\",\"@graph\":[{\"@type\":\"WebPage\",\"@id\":\"https:\/\/kitefoilwing.com\/?product=kites\",\"url\":\"https:\/\/kitefoilwing.com\/?product=kites\",\"name\":\"R1 V5 - KiteFoilWing\",\"isPartOf\":{\"@id\":\"https:\/\/kitefoilwing.com\/#website\"},\"primaryImageOfPage\":{\"@id\":\"https:\/\/kitefoilwing.com\/?product=kites#primaryimage\"},\"image\":{\"@id\":\"https:\/\/kitefoilwing.com\/?product=kites#primaryimage\"},\"thumbnailUrl\":\"https:\/\/kitefoilwing.com\/wp-content\/uploads\/2025\/05\/R1-v5.webp\",\"datePublished\":\"2025-03-05T17:17:51+00:00\",\"dateModified\":\"2025-06-04T11:29:22+00:00\",\"breadcrumb\":{\"@id\":\"https:\/\/kitefoilwing.com\/?product=kites#breadcrumb\"},\"inLanguage\":\"es\",\"potentialAction\":[{\"@type\":\"ReadAction\",\"target\":[\"https:\/\/kitefoilwing.com\/?product=kites\"]}]},{\"@type\":\"ImageObject\",\"inLanguage\":\"es\",\"@id\":\"https:\/\/kitefoilwing.com\/?product=kites#primaryimage\",\"url\":\"https:\/\/kitefoilwing.com\/wp-content\/uploads\/2025\/05\/R1-v5.webp\",\"contentUrl\":\"https:\/\/kitefoilwing.com\/wp-content\/uploads\/2025\/05\/R1-v5.webp\",\"width\":500,\"height\":500},{\"@type\":\"BreadcrumbList\",\"@id\":\"https:\/\/kitefoilwing.com\/?product=kites#breadcrumb\",\"itemListElement\":[{\"@type\":\"ListItem\",\"position\":1,\"name\":\"Portada\",\"item\":\"https:\/\/kitefoilwing.com\/\"},{\"@type\":\"ListItem\",\"position\":2,\"name\":\"Tienda\",\"item\":\"https:\/\/kitefoilwing.com\/?page_id=6\"},{\"@type\":\"ListItem\",\"position\":3,\"name\":\"R1 V5\"}]},{\"@type\":\"WebSite\",\"@id\":\"https:\/\/kitefoilwing.com\/#website\",\"url\":\"https:\/\/kitefoilwing.com\/\",\"name\":\"KiteFoilWing\",\"description\":\"venta de kite foil wing\",\"publisher\":{\"@id\":\"https:\/\/kitefoilwing.com\/#organization\"},\"potentialAction\":[{\"@type\":\"SearchAction\",\"target\":{\"@type\":\"EntryPoint\",\"urlTemplate\":\"https:\/\/kitefoilwing.com\/?s={search_term_string}\"},\"query-input\":{\"@type\":\"PropertyValueSpecification\",\"valueRequired\":true,\"valueName\":\"search_term_string\"}}],\"inLanguage\":\"es\"},{\"@type\":\"Organization\",\"@id\":\"https:\/\/kitefoilwing.com\/#organization\",\"name\":\"KiteFoilWing\",\"url\":\"https:\/\/kitefoilwing.com\/\",\"logo\":{\"@type\":\"ImageObject\",\"inLanguage\":\"es\",\"@id\":\"https:\/\/kitefoilwing.com\/#\/schema\/logo\/image\/\",\"url\":\"https:\/\/kitefoilwing.com\/wp-content\/uploads\/2025\/05\/LogoWeb.jpg\",\"contentUrl\":\"https:\/\/kitefoilwing.com\/wp-content\/uploads\/2025\/05\/LogoWeb.jpg\",\"width\":725,\"height\":81,\"caption\":\"KiteFoilWing\"},\"image\":{\"@id\":\"https:\/\/kitefoilwing.com\/#\/schema\/logo\/image\/\"}}]}<\/script>\n<!-- \/ Yoast SEO plugin. -->","yoast_head_json":{"title":"R1 V5 - KiteFoilWing","robots":{"index":"index","follow":"follow","max-snippet":"max-snippet:-1","max-image-preview":"max-image-preview:large","max-video-preview":"max-video-preview:-1"},"canonical":"https:\/\/kitefoilwing.com\/?product=kites","og_locale":"es_ES","og_type":"article","og_title":"R1 V5 - KiteFoilWing","og_description":"OZONE R1 V5 \u2013 PURO RENDIMIENTO DE CARRERAS\u00a0 Capaz de alcanzar las velocidades m\u00e1s altas en \u00e1ngulos de conducci\u00f3n s\u00faper agresivos, as\u00ed como las transiciones m\u00e1s eficientes cuando las fracciones de segundo cuentan, todos los elementos del nuevo dise\u00f1o ayudan a garantizar que mantengas el mayor impulso posible en todas las situaciones.  Producto registrado de IKA Formula Kite para el ciclo ol\u00edmpico de 2028\u00a0  Dise\u00f1ado exclusivamente para el rendimiento en carreras de foil.\u00a0  \u00c1ngulos incre\u00edbles y velocidad\u00a0 tanto en ce\u00f1ida como en empopadas.\u00a0  La sustentaci\u00f3n permite maniobras de viraje de alta velocidad y s\u00faper fluidas\u00a0  Consulte al tel\u00e9fono 618 07 99 57, el precio del modelo requerido.","og_url":"https:\/\/kitefoilwing.com\/?product=kites","og_site_name":"KiteFoilWing","article_modified_time":"2025-06-04T11:29:22+00:00","og_image":[{"width":500,"height":500,"url":"https:\/\/kitefoilwing.com\/wp-content\/uploads\/2025\/05\/R1-v5.webp","type":"image\/webp"}],"twitter_card":"summary_large_image","twitter_misc":{"Tiempo de lectura":"2 minutos"},"schema":{"@context":"https:\/\/schema.org","@graph":[{"@type":"WebPage","@id":"https:\/\/kitefoilwing.com\/?product=kites","url":"https:\/\/kitefoilwing.com\/?product=kites","name":"R1 V5 - KiteFoilWing","isPartOf":{"@id":"https:\/\/kitefoilwing.com\/#website"},"primaryImageOfPage":{"@id":"https:\/\/kitefoilwing.com\/?product=kites#primaryimage"},"image":{"@id":"https:\/\/kitefoilwing.com\/?product=kites#primaryimage"},"thumbnailUrl":"https:\/\/kitefoilwing.com\/wp-content\/uploads\/2025\/05\/R1-v5.webp","datePublished":"2025-03-05T17:17:51+00:00","dateModified":"2025-06-04T11:29:22+00:00","breadcrumb":{"@id":"https:\/\/kitefoilwing.com\/?product=kites#breadcrumb"},"inLanguage":"es","potentialAction":[{"@type":"ReadAction","target":["https:\/\/kitefoilwing.com\/?product=kites"]}]},{"@type":"ImageObject","inLanguage":"es","@id":"https:\/\/kitefoilwing.com\/?product=kites#primaryimage","url":"https:\/\/kitefoilwing.com\/wp-content\/uploads\/2025\/05\/R1-v5.webp","contentUrl":"https:\/\/kitefoilwing.com\/wp-content\/uploads\/2025\/05\/R1-v5.webp","width":500,"height":500},{"@type":"BreadcrumbList","@id":"https:\/\/kitefoilwing.com\/?product=kites#breadcrumb","itemListElement":[{"@type":"ListItem","position":1,"name":"Portada","item":"https:\/\/kitefoilwing.com\/"},{"@type":"ListItem","position":2,"name":"Tienda","item":"https:\/\/kitefoilwing.com\/?page_id=6"},{"@type":"ListItem","position":3,"name":"R1 V5"}]},{"@type":"WebSite","@id":"https:\/\/kitefoilwing.com\/#website","url":"https:\/\/kitefoilwing.com\/","name":"KiteFoilWing","description":"venta de kite foil wing","publisher":{"@id":"https:\/\/kitefoilwing.com\/#organization"},"potentialAction":[{"@type":"SearchAction","target":{"@type":"EntryPoint","urlTemplate":"https:\/\/kitefoilwing.com\/?s={search_term_string}"},"query-input":{"@type":"PropertyValueSpecification","valueRequired":true,"valueName":"search_term_string"}}],"inLanguage":"es"},{"@type":"Organization","@id":"https:\/\/kitefoilwing.com\/#organization","name":"KiteFoilWing","url":"https:\/\/kitefoilwing.com\/","logo":{"@type":"ImageObject","inLanguage":"es","@id":"https:\/\/kitefoilwing.com\/#\/schema\/logo\/image\/","url":"https:\/\/kitefoilwing.com\/wp-content\/uploads\/2025\/05\/LogoWeb.jpg","contentUrl":"https:\/\/kitefoilwing.com\/wp-content\/uploads\/2025\/05\/LogoWeb.jpg","width":725,"height":81,"caption":"KiteFoilWing"},"image":{"@id":"https:\/\/kitefoilwing.com\/#\/schema\/logo\/image\/"}}]}},"jetpack_sharing_enabled":true,"_links":{"self":[{"href":"https:\/\/kitefoilwing.com\/index.php?rest_route=\/wp\/v2\/product\/87","targetHints":{"allow":["GET"]}}],"collection":[{"href":"https:\/\/kitefoilwing.com\/index.php?rest_route=\/wp\/v2\/product"}],"about":[{"href":"https:\/\/kitefoilwing.com\/index.php?rest_route=\/wp\/v2\/types\/product"}],"replies":[{"embeddable":true,"href":"https:\/\/kitefoilwing.com\/index.php?rest_route=%2Fwp%2Fv2%2Fcomments&post=87"}],"wp:featuredmedia":[{"embeddable":true,"href":"https:\/\/kitefoilwing.com\/index.php?rest_route=\/wp\/v2\/media\/947"}],"wp:attachment":[{"href":"https:\/\/kitefoilwing.com\/index.php?rest_route=%2Fwp%2Fv2%2Fmedia&parent=87"}],"wp:term":[{"taxonomy":"product_brand","embeddable":true,"href":"https:\/\/kitefoilwing.com\/index.php?rest_route=%2Fwp%2Fv2%2Fproduct_brand&post=87"},{"taxonomy":"product_cat","embeddable":true,"href":"https:\/\/kitefoilwing.com\/index.php?rest_route=%2Fwp%2Fv2%2Fproduct_cat&post=87"},{"taxonomy":"product_tag","embeddable":true,"href":"https:\/\/kitefoilwing.com\/index.php?rest_route=%2Fwp%2Fv2%2Fproduct_tag&post=87"}],"curies":[{"name":"wp","href":"https:\/\/api.w.org\/{rel}","templated":true}]}}