{"id":211,"date":"2025-05-08T19:52:22","date_gmt":"2025-05-08T17:52:22","guid":{"rendered":"https:\/\/kitefoilwing.com\/?post_type=product&#038;p=211"},"modified":"2025-06-02T15:40:44","modified_gmt":"2025-06-02T15:40:44","slug":"g-surf-ford-drive","status":"publish","type":"product","link":"https:\/\/kitefoilwing.com\/?product=g-surf-ford-drive","title":{"rendered":"G-Surf Ford Drive"},"content":{"rendered":"<h3 style=\"font-weight: 500;\"><strong style=\"font-weight: 600;\">Ventajas principales<\/strong>\u00a0:<\/h3>\n<p><strong style=\"font-weight: 600;\">Duraci\u00f3n de la bater\u00eda optimizada<\/strong><\/p>\n<p><strong style=\"font-weight: 600;\">Resistencia m\u00ednima al agua<\/strong>\u00a0gracias al dise\u00f1o integrado<\/p>\n<p>Sistema <strong style=\"font-weight: 600;\">de extracci\u00f3n<\/strong>\u00a0r\u00e1pida de la bater\u00eda sin necesidad de desmontar la l\u00e1mina<\/p>\n<p><strong style=\"font-weight: 600;\">Construcci\u00f3n tipo s\u00e1ndwich completa<\/strong>\u00a0:\u00a0m\u00e1s r\u00edgida y resistente.<\/p>\n<p><strong style=\"font-weight: 600;\">Se\u00f1al siempre perfecta<\/strong>\u00a0: ventana\u00a0<strong style=\"font-weight: 600;\">de fibra de vidrio<\/strong>\u00a0en lugar de carbono, para no interferir con la transmisi\u00f3n<\/p>\n<h3 style=\"font-weight: 500;\"><strong style=\"font-weight: 600;\">Especificaciones t\u00e9cnicas<\/strong>\u00a0:<\/h3>\n<ul style=\"font-weight: 400;\">\n<li><strong style=\"font-weight: 600;\">Construcci\u00f3n<\/strong>\u00a0: N\u00facleo de EPS, s\u00e1ndwich completo<\/li>\n<li><strong style=\"font-weight: 600;\">Materiales<\/strong>\u00a0: 80% fibra de carbono, 20% fibra de vidrio<\/li>\n<li><strong style=\"font-weight: 600;\">Pistas de caja de EE<\/strong>\u00a0. UU .: longitud 43 cm<\/li>\n<li><strong style=\"font-weight: 600;\">Peso<\/strong>\u00a0: aprox. 3,5 kg (con almohadilla)<\/li>\n<li><strong style=\"font-weight: 600;\">Almohadilla de cubierta<\/strong>\u00a0: suave, c\u00f3moda y con excelente agarre.<\/li>\n<li><strong style=\"font-weight: 600;\">Inserciones de correa<\/strong>\u00a0: presentes (opcionales)<\/li>\n<li><strong style=\"font-weight: 600;\">Dise\u00f1o y color<\/strong>\u00a0: personalizable bajo pedido.<\/li>\n<\/ul>\n<h3 style=\"font-weight: 500;\"><strong style=\"font-weight: 600;\">Medidas<\/strong>\u00a0:<\/h3>\n<ul style=\"font-weight: 400;\">\n<li>38L 152cm x 48cm x 9cm<\/li>\n<li>48L 160cm x 48cm x 9cm<\/li>\n<li>58L 173cm x 50cm x 9cm<\/li>\n<\/ul>\n<p style=\"font-weight: 400;\">Perfecta para quienes utilizan\u00a0<strong style=\"font-weight: 600;\">Foil Drive Assist<\/strong>\u00a0en\u00a0<strong style=\"font-weight: 600;\">el foil surfing<\/strong>\u00a0, esta tabla est\u00e1 dise\u00f1ada para quienes buscan\u00a0<strong style=\"font-weight: 600;\">capacidad de respuesta<\/strong>\u00a0,\u00a0<strong style=\"font-weight: 600;\">eficiencia<\/strong>\u00a0e\u00a0<strong style=\"font-weight: 600;\">integraci\u00f3n inteligente<\/strong>\u00a0entre la tabla y la propulsi\u00f3n el\u00e9ctrica.<\/p>\n<p style=\"font-weight: 400;\">\u00a0<strong style=\"font-weight: 600;\">Cada tabla est\u00e1 hecha a mano<\/strong>\u00a0, con materiales de m\u00e1xima calidad y atenci\u00f3n al detalle.<br \/>\n\u00bfQuieres una configuraci\u00f3n personalizada?\u00a0<strong style=\"font-weight: 600;\">Cont\u00e1ctanos<\/strong>\u00a0para elegir el color, gr\u00e1ficos y accesorios.<\/p>\n","protected":false},"excerpt":{"rendered":"<p><strong>Dise\u00f1ado para integrarse perfectamente con su Foil Drive<\/strong><\/p>\n<p>El nuevo\u00a0<strong>G-Surf Foil Drive<\/strong>\u00a0nace de la colaboraci\u00f3n con nuestro equipo en Fuerteventura para ofrecer una experiencia de conducci\u00f3n suave, eficiente y totalmente controlada. Gracias a un\u00a0<strong>recorte personalizado<\/strong>\u00a0, la bater\u00eda encaja perfectamente dentro de la tabla, posicionada estrat\u00e9gicamente cerca de los pies, mejorando la estabilidad y el manejo incluso en curvas cerradas.<\/p>\n","protected":false},"featured_media":892,"comment_status":"open","ping_status":"closed","template":"","meta":[],"product_brand":[],"product_cat":[23],"product_tag":[],"class_list":{"0":"post-211","1":"product","2":"type-product","3":"status-publish","4":"has-post-thumbnail","6":"product_cat-tablasflygroove","8":"first","9":"outofstock","10":"shipping-taxable","11":"purchasable","12":"product-type-variable"},"yoast_head":"<!-- This site is optimized with the Yoast SEO plugin v26.7 - https:\/\/yoast.com\/wordpress\/plugins\/seo\/ -->\n<title>G-Surf Ford Drive - KiteFoilWing<\/title>\n<meta name=\"robots\" content=\"index, follow, max-snippet:-1, max-image-preview:large, max-video-preview:-1\" \/>\n<link rel=\"canonical\" href=\"https:\/\/kitefoilwing.com\/?product=g-surf-ford-drive\" \/>\n<meta property=\"og:locale\" content=\"es_ES\" \/>\n<meta property=\"og:type\" content=\"article\" \/>\n<meta property=\"og:title\" content=\"G-Surf Ford Drive - KiteFoilWing\" \/>\n<meta property=\"og:description\" content=\"Dise\u00f1ado para integrarse perfectamente con su Foil Drive  El nuevo\u00a0G-Surf Foil Drive\u00a0nace de la colaboraci\u00f3n con nuestro equipo en Fuerteventura para ofrecer una experiencia de conducci\u00f3n suave, eficiente y totalmente controlada. Gracias a un\u00a0recorte personalizado\u00a0, la bater\u00eda encaja perfectamente dentro de la tabla, posicionada estrat\u00e9gicamente cerca de los pies, mejorando la estabilidad y el manejo incluso en curvas cerradas.\" \/>\n<meta property=\"og:url\" content=\"https:\/\/kitefoilwing.com\/?product=g-surf-ford-drive\" \/>\n<meta property=\"og:site_name\" content=\"KiteFoilWing\" \/>\n<meta property=\"article:modified_time\" content=\"2025-06-02T15:40:44+00:00\" \/>\n<meta property=\"og:image\" content=\"https:\/\/kitefoilwing.com\/wp-content\/uploads\/2025\/05\/foil-drive.jpg\" \/>\n\t<meta property=\"og:image:width\" content=\"900\" \/>\n\t<meta property=\"og:image:height\" content=\"900\" \/>\n\t<meta property=\"og:image:type\" content=\"image\/jpeg\" \/>\n<meta name=\"twitter:card\" content=\"summary_large_image\" \/>\n<meta name=\"twitter:label1\" content=\"Tiempo de lectura\" \/>\n\t<meta name=\"twitter:data1\" content=\"2 minutos\" \/>\n<script type=\"application\/ld+json\" class=\"yoast-schema-graph\">{\"@context\":\"https:\/\/schema.org\",\"@graph\":[{\"@type\":\"WebPage\",\"@id\":\"https:\/\/kitefoilwing.com\/?product=g-surf-ford-drive\",\"url\":\"https:\/\/kitefoilwing.com\/?product=g-surf-ford-drive\",\"name\":\"G-Surf Ford Drive - KiteFoilWing\",\"isPartOf\":{\"@id\":\"https:\/\/kitefoilwing.com\/#website\"},\"primaryImageOfPage\":{\"@id\":\"https:\/\/kitefoilwing.com\/?product=g-surf-ford-drive#primaryimage\"},\"image\":{\"@id\":\"https:\/\/kitefoilwing.com\/?product=g-surf-ford-drive#primaryimage\"},\"thumbnailUrl\":\"https:\/\/kitefoilwing.com\/wp-content\/uploads\/2025\/05\/foil-drive.jpg\",\"datePublished\":\"2025-05-08T17:52:22+00:00\",\"dateModified\":\"2025-06-02T15:40:44+00:00\",\"breadcrumb\":{\"@id\":\"https:\/\/kitefoilwing.com\/?product=g-surf-ford-drive#breadcrumb\"},\"inLanguage\":\"es\",\"potentialAction\":[{\"@type\":\"ReadAction\",\"target\":[\"https:\/\/kitefoilwing.com\/?product=g-surf-ford-drive\"]}]},{\"@type\":\"ImageObject\",\"inLanguage\":\"es\",\"@id\":\"https:\/\/kitefoilwing.com\/?product=g-surf-ford-drive#primaryimage\",\"url\":\"https:\/\/kitefoilwing.com\/wp-content\/uploads\/2025\/05\/foil-drive.jpg\",\"contentUrl\":\"https:\/\/kitefoilwing.com\/wp-content\/uploads\/2025\/05\/foil-drive.jpg\",\"width\":900,\"height\":900},{\"@type\":\"BreadcrumbList\",\"@id\":\"https:\/\/kitefoilwing.com\/?product=g-surf-ford-drive#breadcrumb\",\"itemListElement\":[{\"@type\":\"ListItem\",\"position\":1,\"name\":\"Portada\",\"item\":\"https:\/\/kitefoilwing.com\/\"},{\"@type\":\"ListItem\",\"position\":2,\"name\":\"Tienda\",\"item\":\"https:\/\/kitefoilwing.com\/?page_id=6\"},{\"@type\":\"ListItem\",\"position\":3,\"name\":\"G-Surf Ford Drive\"}]},{\"@type\":\"WebSite\",\"@id\":\"https:\/\/kitefoilwing.com\/#website\",\"url\":\"https:\/\/kitefoilwing.com\/\",\"name\":\"KiteFoilWing\",\"description\":\"venta de kite foil wing\",\"publisher\":{\"@id\":\"https:\/\/kitefoilwing.com\/#organization\"},\"potentialAction\":[{\"@type\":\"SearchAction\",\"target\":{\"@type\":\"EntryPoint\",\"urlTemplate\":\"https:\/\/kitefoilwing.com\/?s={search_term_string}\"},\"query-input\":{\"@type\":\"PropertyValueSpecification\",\"valueRequired\":true,\"valueName\":\"search_term_string\"}}],\"inLanguage\":\"es\"},{\"@type\":\"Organization\",\"@id\":\"https:\/\/kitefoilwing.com\/#organization\",\"name\":\"KiteFoilWing\",\"url\":\"https:\/\/kitefoilwing.com\/\",\"logo\":{\"@type\":\"ImageObject\",\"inLanguage\":\"es\",\"@id\":\"https:\/\/kitefoilwing.com\/#\/schema\/logo\/image\/\",\"url\":\"https:\/\/kitefoilwing.com\/wp-content\/uploads\/2025\/05\/LogoWeb.jpg\",\"contentUrl\":\"https:\/\/kitefoilwing.com\/wp-content\/uploads\/2025\/05\/LogoWeb.jpg\",\"width\":725,\"height\":81,\"caption\":\"KiteFoilWing\"},\"image\":{\"@id\":\"https:\/\/kitefoilwing.com\/#\/schema\/logo\/image\/\"}}]}<\/script>\n<!-- \/ Yoast SEO plugin. -->","yoast_head_json":{"title":"G-Surf Ford Drive - KiteFoilWing","robots":{"index":"index","follow":"follow","max-snippet":"max-snippet:-1","max-image-preview":"max-image-preview:large","max-video-preview":"max-video-preview:-1"},"canonical":"https:\/\/kitefoilwing.com\/?product=g-surf-ford-drive","og_locale":"es_ES","og_type":"article","og_title":"G-Surf Ford Drive - KiteFoilWing","og_description":"Dise\u00f1ado para integrarse perfectamente con su Foil Drive  El nuevo\u00a0G-Surf Foil Drive\u00a0nace de la colaboraci\u00f3n con nuestro equipo en Fuerteventura para ofrecer una experiencia de conducci\u00f3n suave, eficiente y totalmente controlada. Gracias a un\u00a0recorte personalizado\u00a0, la bater\u00eda encaja perfectamente dentro de la tabla, posicionada estrat\u00e9gicamente cerca de los pies, mejorando la estabilidad y el manejo incluso en curvas cerradas.","og_url":"https:\/\/kitefoilwing.com\/?product=g-surf-ford-drive","og_site_name":"KiteFoilWing","article_modified_time":"2025-06-02T15:40:44+00:00","og_image":[{"width":900,"height":900,"url":"https:\/\/kitefoilwing.com\/wp-content\/uploads\/2025\/05\/foil-drive.jpg","type":"image\/jpeg"}],"twitter_card":"summary_large_image","twitter_misc":{"Tiempo de lectura":"2 minutos"},"schema":{"@context":"https:\/\/schema.org","@graph":[{"@type":"WebPage","@id":"https:\/\/kitefoilwing.com\/?product=g-surf-ford-drive","url":"https:\/\/kitefoilwing.com\/?product=g-surf-ford-drive","name":"G-Surf Ford Drive - KiteFoilWing","isPartOf":{"@id":"https:\/\/kitefoilwing.com\/#website"},"primaryImageOfPage":{"@id":"https:\/\/kitefoilwing.com\/?product=g-surf-ford-drive#primaryimage"},"image":{"@id":"https:\/\/kitefoilwing.com\/?product=g-surf-ford-drive#primaryimage"},"thumbnailUrl":"https:\/\/kitefoilwing.com\/wp-content\/uploads\/2025\/05\/foil-drive.jpg","datePublished":"2025-05-08T17:52:22+00:00","dateModified":"2025-06-02T15:40:44+00:00","breadcrumb":{"@id":"https:\/\/kitefoilwing.com\/?product=g-surf-ford-drive#breadcrumb"},"inLanguage":"es","potentialAction":[{"@type":"ReadAction","target":["https:\/\/kitefoilwing.com\/?product=g-surf-ford-drive"]}]},{"@type":"ImageObject","inLanguage":"es","@id":"https:\/\/kitefoilwing.com\/?product=g-surf-ford-drive#primaryimage","url":"https:\/\/kitefoilwing.com\/wp-content\/uploads\/2025\/05\/foil-drive.jpg","contentUrl":"https:\/\/kitefoilwing.com\/wp-content\/uploads\/2025\/05\/foil-drive.jpg","width":900,"height":900},{"@type":"BreadcrumbList","@id":"https:\/\/kitefoilwing.com\/?product=g-surf-ford-drive#breadcrumb","itemListElement":[{"@type":"ListItem","position":1,"name":"Portada","item":"https:\/\/kitefoilwing.com\/"},{"@type":"ListItem","position":2,"name":"Tienda","item":"https:\/\/kitefoilwing.com\/?page_id=6"},{"@type":"ListItem","position":3,"name":"G-Surf Ford Drive"}]},{"@type":"WebSite","@id":"https:\/\/kitefoilwing.com\/#website","url":"https:\/\/kitefoilwing.com\/","name":"KiteFoilWing","description":"venta de kite foil wing","publisher":{"@id":"https:\/\/kitefoilwing.com\/#organization"},"potentialAction":[{"@type":"SearchAction","target":{"@type":"EntryPoint","urlTemplate":"https:\/\/kitefoilwing.com\/?s={search_term_string}"},"query-input":{"@type":"PropertyValueSpecification","valueRequired":true,"valueName":"search_term_string"}}],"inLanguage":"es"},{"@type":"Organization","@id":"https:\/\/kitefoilwing.com\/#organization","name":"KiteFoilWing","url":"https:\/\/kitefoilwing.com\/","logo":{"@type":"ImageObject","inLanguage":"es","@id":"https:\/\/kitefoilwing.com\/#\/schema\/logo\/image\/","url":"https:\/\/kitefoilwing.com\/wp-content\/uploads\/2025\/05\/LogoWeb.jpg","contentUrl":"https:\/\/kitefoilwing.com\/wp-content\/uploads\/2025\/05\/LogoWeb.jpg","width":725,"height":81,"caption":"KiteFoilWing"},"image":{"@id":"https:\/\/kitefoilwing.com\/#\/schema\/logo\/image\/"}}]}},"jetpack_sharing_enabled":true,"_links":{"self":[{"href":"https:\/\/kitefoilwing.com\/index.php?rest_route=\/wp\/v2\/product\/211","targetHints":{"allow":["GET"]}}],"collection":[{"href":"https:\/\/kitefoilwing.com\/index.php?rest_route=\/wp\/v2\/product"}],"about":[{"href":"https:\/\/kitefoilwing.com\/index.php?rest_route=\/wp\/v2\/types\/product"}],"replies":[{"embeddable":true,"href":"https:\/\/kitefoilwing.com\/index.php?rest_route=%2Fwp%2Fv2%2Fcomments&post=211"}],"wp:featuredmedia":[{"embeddable":true,"href":"https:\/\/kitefoilwing.com\/index.php?rest_route=\/wp\/v2\/media\/892"}],"wp:attachment":[{"href":"https:\/\/kitefoilwing.com\/index.php?rest_route=%2Fwp%2Fv2%2Fmedia&parent=211"}],"wp:term":[{"taxonomy":"product_brand","embeddable":true,"href":"https:\/\/kitefoilwing.com\/index.php?rest_route=%2Fwp%2Fv2%2Fproduct_brand&post=211"},{"taxonomy":"product_cat","embeddable":true,"href":"https:\/\/kitefoilwing.com\/index.php?rest_route=%2Fwp%2Fv2%2Fproduct_cat&post=211"},{"taxonomy":"product_tag","embeddable":true,"href":"https:\/\/kitefoilwing.com\/index.php?rest_route=%2Fwp%2Fv2%2Fproduct_tag&post=211"}],"curies":[{"name":"wp","href":"https:\/\/api.w.org\/{rel}","templated":true}]}}