{"id":118,"date":"2025-04-25T11:56:01","date_gmt":"2025-04-25T09:56:01","guid":{"rendered":"https:\/\/kitefoilwing.com\/?post_type=product&#038;p=118"},"modified":"2025-06-02T17:45:04","modified_gmt":"2025-06-02T17:45:04","slug":"g-race-pink","status":"publish","type":"product","link":"https:\/\/kitefoilwing.com\/?product=g-race-pink","title":{"rendered":"Parawing G-CRUISE tabla de WingFoil"},"content":{"rendered":"<p>Tabla de Wing de la firma Groove especial para free style<\/p>\n<p><strong>Perfecto para viajes, cruceros y freeride ligero<\/strong><\/p>\n<p>El nuevo vuelo comienza aqu\u00ed.<br \/>\nDescubre G-Cruise: el equilibrio perfecto entre artesan\u00eda, t\u00e9cnica y pasi\u00f3n.<\/p>\n<ul>\n<li>Footstraps incluidos<\/li>\n<li>Tama\u00f1o: 85 Lt \/ 95 Lt<\/li>\n<li>Pistas disponibles: US Box \/ Tuttle Box \/ Us + Tuttle Box.<\/li>\n<\/ul>\n","protected":false},"excerpt":{"rendered":"<p><strong>G-CRUISE PARAWING \u2013 La tabla artesanal para la nueva forma de volar<\/strong>\u00a0\ud83c\udf2c\ufe0f<br \/>\nRendimiento, control y ligereza para quienes quieren aprovechar al m\u00e1ximo el potencial del Parawing.<\/p>\n<p>Dise\u00f1ada y fabricada artesanalmente para riders que buscan una tabla vers\u00e1til y reactiva, la\u00a0<strong>G-Cruise<\/strong>\u00a0destaca por su forma compacta y distribuci\u00f3n optimizada del volumen, perfecta para despegues r\u00e1pidos incluso en condiciones marginales.<\/p>\n<p>\ud83d\udd38\u00a0<strong>Volumen de 95L<\/strong>\u00a0: flotabilidad ideal para arranques \u00e1giles<br \/>\n\ud83d\udd38\u00a0<strong>Rieles US Box<\/strong>\u00a0: m\u00e1xima compatibilidad con foils<br \/>\n\ud83d\udd38\u00a0<strong>Tama\u00f1o compacto<\/strong>\u00a0: estabilidad y maniobrabilidad sin concesiones<br \/>\n\ud83d\udd38\u00a0<strong>Agarre de cubierta ultra adherente<\/strong>\u00a0: control total en cada maniobra<br \/>\n\ud83d\udd38\u00a0<strong>Caja de m\u00e1stil avanzada<\/strong>\u00a0: optimizaci\u00f3n del empuje del parawing<br \/>\n\ud83d\udd38\u00a0<strong>Coloraci\u00f3n personalizable<\/strong>\u00a0: cada tabla es \u00fanica, como t\u00fa<\/p>\n","protected":false},"featured_media":834,"comment_status":"open","ping_status":"closed","template":"","meta":[],"product_brand":[],"product_cat":[23],"product_tag":[],"class_list":{"0":"post-118","1":"product","2":"type-product","3":"status-publish","4":"has-post-thumbnail","6":"product_cat-tablasflygroove","8":"first","9":"instock","10":"shipping-taxable","11":"purchasable","12":"product-type-variable"},"yoast_head":"<!-- This site is optimized with the Yoast SEO plugin v26.7 - https:\/\/yoast.com\/wordpress\/plugins\/seo\/ -->\n<title>Parawing G-CRUISE tabla de WingFoil - KiteFoilWing<\/title>\n<meta name=\"robots\" content=\"index, follow, max-snippet:-1, max-image-preview:large, max-video-preview:-1\" \/>\n<link rel=\"canonical\" href=\"https:\/\/kitefoilwing.com\/?product=g-race-pink\" \/>\n<meta property=\"og:locale\" content=\"es_ES\" \/>\n<meta property=\"og:type\" content=\"article\" \/>\n<meta property=\"og:title\" content=\"Parawing G-CRUISE tabla de WingFoil - KiteFoilWing\" \/>\n<meta property=\"og:description\" content=\"G-CRUISE PARAWING \u2013 La tabla artesanal para la nueva forma de volar\u00a0\ud83c\udf2c\ufe0f Rendimiento, control y ligereza para quienes quieren aprovechar al m\u00e1ximo el potencial del Parawing.  Dise\u00f1ada y fabricada artesanalmente para riders que buscan una tabla vers\u00e1til y reactiva, la\u00a0G-Cruise\u00a0destaca por su forma compacta y distribuci\u00f3n optimizada del volumen, perfecta para despegues r\u00e1pidos incluso en condiciones marginales.  \ud83d\udd38\u00a0Volumen de 95L\u00a0: flotabilidad ideal para arranques \u00e1giles \ud83d\udd38\u00a0Rieles US Box\u00a0: m\u00e1xima compatibilidad con foils \ud83d\udd38\u00a0Tama\u00f1o compacto\u00a0: estabilidad y maniobrabilidad sin concesiones \ud83d\udd38\u00a0Agarre de cubierta ultra adherente\u00a0: control total en cada maniobra \ud83d\udd38\u00a0Caja de m\u00e1stil avanzada\u00a0: optimizaci\u00f3n del empuje del parawing \ud83d\udd38\u00a0Coloraci\u00f3n personalizable\u00a0: cada tabla es \u00fanica, como t\u00fa\" \/>\n<meta property=\"og:url\" content=\"https:\/\/kitefoilwing.com\/?product=g-race-pink\" \/>\n<meta property=\"og:site_name\" content=\"KiteFoilWing\" \/>\n<meta property=\"article:modified_time\" content=\"2025-06-02T17:45:04+00:00\" \/>\n<meta property=\"og:image\" content=\"https:\/\/kitefoilwing.com\/wp-content\/uploads\/2025\/04\/GCruiseParawing.webp\" \/>\n\t<meta property=\"og:image:width\" content=\"768\" \/>\n\t<meta property=\"og:image:height\" content=\"1024\" \/>\n\t<meta property=\"og:image:type\" content=\"image\/webp\" \/>\n<meta name=\"twitter:card\" content=\"summary_large_image\" \/>\n<meta name=\"twitter:label1\" content=\"Tiempo de lectura\" \/>\n\t<meta name=\"twitter:data1\" content=\"1 minuto\" \/>\n<script type=\"application\/ld+json\" class=\"yoast-schema-graph\">{\"@context\":\"https:\/\/schema.org\",\"@graph\":[{\"@type\":\"WebPage\",\"@id\":\"https:\/\/kitefoilwing.com\/?product=g-race-pink\",\"url\":\"https:\/\/kitefoilwing.com\/?product=g-race-pink\",\"name\":\"Parawing G-CRUISE tabla de WingFoil - KiteFoilWing\",\"isPartOf\":{\"@id\":\"https:\/\/kitefoilwing.com\/#website\"},\"primaryImageOfPage\":{\"@id\":\"https:\/\/kitefoilwing.com\/?product=g-race-pink#primaryimage\"},\"image\":{\"@id\":\"https:\/\/kitefoilwing.com\/?product=g-race-pink#primaryimage\"},\"thumbnailUrl\":\"https:\/\/kitefoilwing.com\/wp-content\/uploads\/2025\/04\/GCruiseParawing.webp\",\"datePublished\":\"2025-04-25T09:56:01+00:00\",\"dateModified\":\"2025-06-02T17:45:04+00:00\",\"breadcrumb\":{\"@id\":\"https:\/\/kitefoilwing.com\/?product=g-race-pink#breadcrumb\"},\"inLanguage\":\"es\",\"potentialAction\":[{\"@type\":\"ReadAction\",\"target\":[\"https:\/\/kitefoilwing.com\/?product=g-race-pink\"]}]},{\"@type\":\"ImageObject\",\"inLanguage\":\"es\",\"@id\":\"https:\/\/kitefoilwing.com\/?product=g-race-pink#primaryimage\",\"url\":\"https:\/\/kitefoilwing.com\/wp-content\/uploads\/2025\/04\/GCruiseParawing.webp\",\"contentUrl\":\"https:\/\/kitefoilwing.com\/wp-content\/uploads\/2025\/04\/GCruiseParawing.webp\",\"width\":768,\"height\":1024},{\"@type\":\"BreadcrumbList\",\"@id\":\"https:\/\/kitefoilwing.com\/?product=g-race-pink#breadcrumb\",\"itemListElement\":[{\"@type\":\"ListItem\",\"position\":1,\"name\":\"Portada\",\"item\":\"https:\/\/kitefoilwing.com\/\"},{\"@type\":\"ListItem\",\"position\":2,\"name\":\"Tienda\",\"item\":\"https:\/\/kitefoilwing.com\/?page_id=6\"},{\"@type\":\"ListItem\",\"position\":3,\"name\":\"Parawing G-CRUISE tabla de WingFoil\"}]},{\"@type\":\"WebSite\",\"@id\":\"https:\/\/kitefoilwing.com\/#website\",\"url\":\"https:\/\/kitefoilwing.com\/\",\"name\":\"KiteFoilWing\",\"description\":\"venta de kite foil wing\",\"publisher\":{\"@id\":\"https:\/\/kitefoilwing.com\/#organization\"},\"potentialAction\":[{\"@type\":\"SearchAction\",\"target\":{\"@type\":\"EntryPoint\",\"urlTemplate\":\"https:\/\/kitefoilwing.com\/?s={search_term_string}\"},\"query-input\":{\"@type\":\"PropertyValueSpecification\",\"valueRequired\":true,\"valueName\":\"search_term_string\"}}],\"inLanguage\":\"es\"},{\"@type\":\"Organization\",\"@id\":\"https:\/\/kitefoilwing.com\/#organization\",\"name\":\"KiteFoilWing\",\"url\":\"https:\/\/kitefoilwing.com\/\",\"logo\":{\"@type\":\"ImageObject\",\"inLanguage\":\"es\",\"@id\":\"https:\/\/kitefoilwing.com\/#\/schema\/logo\/image\/\",\"url\":\"https:\/\/kitefoilwing.com\/wp-content\/uploads\/2025\/05\/LogoWeb.jpg\",\"contentUrl\":\"https:\/\/kitefoilwing.com\/wp-content\/uploads\/2025\/05\/LogoWeb.jpg\",\"width\":725,\"height\":81,\"caption\":\"KiteFoilWing\"},\"image\":{\"@id\":\"https:\/\/kitefoilwing.com\/#\/schema\/logo\/image\/\"}}]}<\/script>\n<!-- \/ Yoast SEO plugin. -->","yoast_head_json":{"title":"Parawing G-CRUISE tabla de WingFoil - KiteFoilWing","robots":{"index":"index","follow":"follow","max-snippet":"max-snippet:-1","max-image-preview":"max-image-preview:large","max-video-preview":"max-video-preview:-1"},"canonical":"https:\/\/kitefoilwing.com\/?product=g-race-pink","og_locale":"es_ES","og_type":"article","og_title":"Parawing G-CRUISE tabla de WingFoil - KiteFoilWing","og_description":"G-CRUISE PARAWING \u2013 La tabla artesanal para la nueva forma de volar\u00a0\ud83c\udf2c\ufe0f Rendimiento, control y ligereza para quienes quieren aprovechar al m\u00e1ximo el potencial del Parawing.  Dise\u00f1ada y fabricada artesanalmente para riders que buscan una tabla vers\u00e1til y reactiva, la\u00a0G-Cruise\u00a0destaca por su forma compacta y distribuci\u00f3n optimizada del volumen, perfecta para despegues r\u00e1pidos incluso en condiciones marginales.  \ud83d\udd38\u00a0Volumen de 95L\u00a0: flotabilidad ideal para arranques \u00e1giles \ud83d\udd38\u00a0Rieles US Box\u00a0: m\u00e1xima compatibilidad con foils \ud83d\udd38\u00a0Tama\u00f1o compacto\u00a0: estabilidad y maniobrabilidad sin concesiones \ud83d\udd38\u00a0Agarre de cubierta ultra adherente\u00a0: control total en cada maniobra \ud83d\udd38\u00a0Caja de m\u00e1stil avanzada\u00a0: optimizaci\u00f3n del empuje del parawing \ud83d\udd38\u00a0Coloraci\u00f3n personalizable\u00a0: cada tabla es \u00fanica, como t\u00fa","og_url":"https:\/\/kitefoilwing.com\/?product=g-race-pink","og_site_name":"KiteFoilWing","article_modified_time":"2025-06-02T17:45:04+00:00","og_image":[{"width":768,"height":1024,"url":"https:\/\/kitefoilwing.com\/wp-content\/uploads\/2025\/04\/GCruiseParawing.webp","type":"image\/webp"}],"twitter_card":"summary_large_image","twitter_misc":{"Tiempo de lectura":"1 minuto"},"schema":{"@context":"https:\/\/schema.org","@graph":[{"@type":"WebPage","@id":"https:\/\/kitefoilwing.com\/?product=g-race-pink","url":"https:\/\/kitefoilwing.com\/?product=g-race-pink","name":"Parawing G-CRUISE tabla de WingFoil - KiteFoilWing","isPartOf":{"@id":"https:\/\/kitefoilwing.com\/#website"},"primaryImageOfPage":{"@id":"https:\/\/kitefoilwing.com\/?product=g-race-pink#primaryimage"},"image":{"@id":"https:\/\/kitefoilwing.com\/?product=g-race-pink#primaryimage"},"thumbnailUrl":"https:\/\/kitefoilwing.com\/wp-content\/uploads\/2025\/04\/GCruiseParawing.webp","datePublished":"2025-04-25T09:56:01+00:00","dateModified":"2025-06-02T17:45:04+00:00","breadcrumb":{"@id":"https:\/\/kitefoilwing.com\/?product=g-race-pink#breadcrumb"},"inLanguage":"es","potentialAction":[{"@type":"ReadAction","target":["https:\/\/kitefoilwing.com\/?product=g-race-pink"]}]},{"@type":"ImageObject","inLanguage":"es","@id":"https:\/\/kitefoilwing.com\/?product=g-race-pink#primaryimage","url":"https:\/\/kitefoilwing.com\/wp-content\/uploads\/2025\/04\/GCruiseParawing.webp","contentUrl":"https:\/\/kitefoilwing.com\/wp-content\/uploads\/2025\/04\/GCruiseParawing.webp","width":768,"height":1024},{"@type":"BreadcrumbList","@id":"https:\/\/kitefoilwing.com\/?product=g-race-pink#breadcrumb","itemListElement":[{"@type":"ListItem","position":1,"name":"Portada","item":"https:\/\/kitefoilwing.com\/"},{"@type":"ListItem","position":2,"name":"Tienda","item":"https:\/\/kitefoilwing.com\/?page_id=6"},{"@type":"ListItem","position":3,"name":"Parawing G-CRUISE tabla de WingFoil"}]},{"@type":"WebSite","@id":"https:\/\/kitefoilwing.com\/#website","url":"https:\/\/kitefoilwing.com\/","name":"KiteFoilWing","description":"venta de kite foil wing","publisher":{"@id":"https:\/\/kitefoilwing.com\/#organization"},"potentialAction":[{"@type":"SearchAction","target":{"@type":"EntryPoint","urlTemplate":"https:\/\/kitefoilwing.com\/?s={search_term_string}"},"query-input":{"@type":"PropertyValueSpecification","valueRequired":true,"valueName":"search_term_string"}}],"inLanguage":"es"},{"@type":"Organization","@id":"https:\/\/kitefoilwing.com\/#organization","name":"KiteFoilWing","url":"https:\/\/kitefoilwing.com\/","logo":{"@type":"ImageObject","inLanguage":"es","@id":"https:\/\/kitefoilwing.com\/#\/schema\/logo\/image\/","url":"https:\/\/kitefoilwing.com\/wp-content\/uploads\/2025\/05\/LogoWeb.jpg","contentUrl":"https:\/\/kitefoilwing.com\/wp-content\/uploads\/2025\/05\/LogoWeb.jpg","width":725,"height":81,"caption":"KiteFoilWing"},"image":{"@id":"https:\/\/kitefoilwing.com\/#\/schema\/logo\/image\/"}}]}},"jetpack_sharing_enabled":true,"_links":{"self":[{"href":"https:\/\/kitefoilwing.com\/index.php?rest_route=\/wp\/v2\/product\/118","targetHints":{"allow":["GET"]}}],"collection":[{"href":"https:\/\/kitefoilwing.com\/index.php?rest_route=\/wp\/v2\/product"}],"about":[{"href":"https:\/\/kitefoilwing.com\/index.php?rest_route=\/wp\/v2\/types\/product"}],"replies":[{"embeddable":true,"href":"https:\/\/kitefoilwing.com\/index.php?rest_route=%2Fwp%2Fv2%2Fcomments&post=118"}],"wp:featuredmedia":[{"embeddable":true,"href":"https:\/\/kitefoilwing.com\/index.php?rest_route=\/wp\/v2\/media\/834"}],"wp:attachment":[{"href":"https:\/\/kitefoilwing.com\/index.php?rest_route=%2Fwp%2Fv2%2Fmedia&parent=118"}],"wp:term":[{"taxonomy":"product_brand","embeddable":true,"href":"https:\/\/kitefoilwing.com\/index.php?rest_route=%2Fwp%2Fv2%2Fproduct_brand&post=118"},{"taxonomy":"product_cat","embeddable":true,"href":"https:\/\/kitefoilwing.com\/index.php?rest_route=%2Fwp%2Fv2%2Fproduct_cat&post=118"},{"taxonomy":"product_tag","embeddable":true,"href":"https:\/\/kitefoilwing.com\/index.php?rest_route=%2Fwp%2Fv2%2Fproduct_tag&post=118"}],"curies":[{"name":"wp","href":"https:\/\/api.w.org\/{rel}","templated":true}]}}